prime factors of m?
3, 7
Let f = 184 - 4. List the prime factors of f.
2, 3, 5
What are the prime factors of 1*-1566*1/(-2)?
3, 29
Suppose 2*z - 226*k + 227*k - 6356 = 0, z - 3187 = -5*k. List the prime factors of z.
3, 353
Suppose 3*n + 4*r = -0*n + 15, -4*r = -2*n + 10. Suppose n*b + 0*b = 0. Suppose i = -b*i + 31. List the prime factors of i.
31
Let p(o) be the second derivative of -67*o**3/6 - o**2/2 + o. What are the prime factors of p(-1)?
2, 3, 11
Suppose -33 - 37 = -14*a. Suppose 360 = -a*w + 1735. What are the prime factors of w?
5, 11
List the prime factors of (2 + -3)/(21/(-5502)).
2, 131
Suppose 4*c = -d - 0*c + 14, 3*c = 9. Let o(p) = 2 - 5*p - d*p + p + p. What are the prime factors of o(-5)?
3
Let s(j) = -15*j**3 - j**2 - j. Suppose 0 = -4*x + 7*x - 3. Let m be 4/12*x*-3. List the prime factors of s(m).
3, 5
Let c = -27 - -28. Let q be c/((-1)/(-6)*-1). Let z(s) = 3*s**2 + 9*s - 3. List the prime factors of z(q).
3, 17
Let j(y) = -4*y - 12. Let n be j(-4). Suppose c + 3 = 5*c - 3*p, -c + 15 = 4*p. Suppose -c*h - n*r = -9 - 54, -20 = -h - r. What are the prime factors of h?
17
Let j(f) = -f**3 + 11*f**2 + 11*f + 15. Let a be j(12). Let x = 96 + -6. Suppose a*p + x = 8*p. What are the prime factors of p?
2, 3
Let k(y) = 2*y**2 - 11*y + 3. Let j be k(11). Let g = 201 - j. Suppose 0 = 2*i + 5*t - g + 25, -26 = -i - t. List the prime factors of i.
2, 13
Let c(m) = -45*m**2 + 53*m**2 - 4 + 0. What are the prime factors of c(-3)?
2, 17
Suppose -6*l + 2908 = -848. List the prime factors of l.
2, 313
Let y(v) = -2*v**2 - 11*v + 17. Let f(q) = 3*q**2 + 22*q - 33. Let t(g) = -3*f(g) - 5*y(g). List the prime factors of t(10).
2
Let r be 24/15*(-5)/(-2). Suppose 4*w - 2*k = 80, -w + 9 + 11 = r*k. Suppose 0 = -5*z + 200 - w. List the prime factors of z.
2, 3
Suppose 36 = 2*t - 3*t. Let m be ((-36)/48)/(1/t). Suppose 2*j - 83 + m = 0. What are the prime factors of j?
2, 7
Suppose -10*a = -6*a - 116. Let i = -56 + a. Let h = 36 + i. What are the prime factors of h?
3
Let j be (2/(-4))/((-2)/32). What are the prime factors of (-23)/(j/(-6) - 2/(-6))?
23
Let m(x) = x**3 - 8*x**2 - 7*x - 12. Let v be m(9). What are the prime factors of ((-27)/v)/3 - (-5570)/20?
277
What are the prime factors of ((-486)/24)/((-3)/200)?
2, 3, 5
Suppose 0 = -q - 4 + 6. Suppose 51 = r + 4*d + q, -3*d - 3 = 0. List the prime factors of r.
53
Let r = -67 + 8. Let q be ((-14)/6)/(11/693*7). Let s = q - r. List the prime factors of s.
2, 19
Suppose 5*a - 43 = 4*v, 0*v - 20 = -4*a - 4*v. Let z(r) be the second derivative of r**4/12 - r**3/3 + 9*r**2/2 + 2*r. List the prime factors of z(a).
2, 11
Let s = 974 + 117. List the prime factors of s.
1091
Suppose -f - 2*c = 56 - 168, 0 = -3*f + 4*c + 376. List the prime factors of f.
2, 3, 5
Suppose v - 5*v = -8, -2*v = -3*s + 1928. List the prime factors of s.
2, 7, 23
Suppose -q - 15 = -4*q. Suppose 0*g = -q*g. Suppose -2*z + z + 5 = g. List the prime factors of z.
5
Suppose 0 = s - 4*v - 4, 0 = 2*s - 0*s + 5*v - 73. Suppose n - 58 = -4*x, -4*n + x = 4*x - 180. Let r = n - s. What are the prime factors of r?
2, 3
Let r = -17 + 19. Suppose -r*i + 51 = -73. Let m = i + -39. List the prime factors of m.
23
Let j(u) = -u**3 + u**2 - 3*u + 2. Let m be j(3). Let d = m - -39. Let q = d - -9. What are the prime factors of q?
23
Let r(f) = f**2 + 27*f - 20. Let i = 35 - 64. List the prime factors of r(i).
2, 19
Let g = 4904 + -1938. What are the prime factors of g?
2, 1483
Let t(c) = 143*c - 101. List the prime factors of t(7).
2, 3, 5
Let a(t) = -9*t + 5. Let f(j) = -j**2 + 12*j + 10. Let h be f(13). Let y be a(h). Suppose -5*m - 4*g + 30 = 6, -3*m = -2*g - y. What are the prime factors of m?
2
Let h(z) = 46*z**3 + 2*z**2 - 1. Let w be h(-1). What are the prime factors of ((-144)/w)/(4/50)?
2, 5
Suppose -2*n - 59 + 7 = 0. Let g = n - -29. Suppose -2*w + 2*u = -g*w + 25, 15 = -3*u. List the prime factors of w.
5, 7
Let v = -1425 - -3493. List the prime factors of v.
2, 11, 47
Suppose 5*v - 148 = -3*m, -41*v + 39*v = -4*m + 232. List the prime factors of m.
2, 7
Let i(b) = b**2 - 3*b + 18. Let a be i(-15). Suppose 8*c + 0*c = a. List the prime factors of c.
2, 3
Let d(t) = 116*t + 44. Let q(r) = -r**2 + 10*r - 4. Let j be q(9). Let h(o) = 21*o + 8. Let g(m) = j*d(m) - 28*h(m). List the prime factors of g(-6).
2, 11
Let n(h) = h**3 + 14*h**2 + 10*h + 18. Let j be n(-12). Suppose -3*b = 3*b + j. List the prime factors of (b - -2)/((-9)/9).
29
What are the prime factors of ((-110)/3)/((-2)/3)*11?
5, 11
Let z(b) = b**3 + b + 56. Let r be z(0). Suppose 2*i + 3*x = 20, 3*i - 4*x - r = -2*x. List the prime factors of i.
2
Suppose -8*v + 118025 = 17*v. List the prime factors of v.
4721
Suppose -6*r + 2*r - 4*a + 44 = 0, -2*r + 3*a = -17. Let b(q) = -q + 8. Let h be b(r). What are the prime factors of 4 + (h - 2) - -40?
2, 5
Let i(m) = -3*m - 35. Let t be i(21). Let h = -64 - t. What are the prime factors of h?
2, 17
Suppose m - 5*s = -4*m - 40, 0 = 5*m - 4*s + 45. Let f = 42 + m. Suppose -3*y + 36 = 3*b, 3*b - f = -4*y + 6. List the prime factors of b.
13
Suppose 0 = 3*k + 3*a + 6, -5*a + 7 - 35 = -4*k. Suppose 4*t = k*t + 38. What are the prime factors of t?
19
Let f(m) = m**3 + 10*m**2 - m - 10. Let i be f(-10). Suppose 2*k - 2*j + 4 = i, 0 = -k - 4*k + 2*j + 2. List the prime factors of (9/(-12))/(k/(-48)).
2, 3
Suppose 12*a - 14*a = 368. What are the prime factors of 56/(-16)*a/14?
2, 23
Suppose 646 = x + 65*n - 67*n, 3*x + 3*n = 1920. List the prime factors of x.
2, 3, 107
Let l(m) = -m**2 + 16*m + 2. Suppose 4*q - 5*y - 19 = 20, y = q - 11. What are the prime factors of l(q)?
2
Let r(u) = 2*u**3 + 33*u**2 + 27*u + 2. Let x(s) = -s**3 - 17*s**2 - 14*s - 1. Let b(p) = 3*r(p) + 5*x(p). List the prime factors of b(-13).
3
Let z(j) = 8*j - 3. Let c be 1/(2 + 10/(-6)). Let t be z(c). Suppose t = 7*q - 56. What are the prime factors of q?
11
Suppose -5*u + 3*u = -12. Suppose 2*t = u*t - 20. Let x(c) = c**3 - 5*c**2 + c + 5. What are the prime factors of x(t)?
2, 5
Let y = 156 - 85. What are the prime factors of y?
71
Suppose 0 = -2*p + p + 3*a - 3, -2*p - 4*a + 14 = 0. List the prime factors of 3*44/4 + p.
2, 3
Let p = -6 - -9. Suppose -13 = -2*t - p. Suppose -t*b + b = -168. List the prime factors of b.
2, 3, 7
List the prime factors of (-82)/3*(-1014)/52.
13, 41
Suppose 7*a - 9237 = 1354. List the prime factors of a.
17, 89
Let j(q) = -q**2 + 6*q - 2*q - q**2 + 3*q**3 - 2*q**3 + 1. Let r(o) = o**2 + 2*o - 5. Let h be r(-4). List the prime factors of j(h).
2, 11
Suppose -u + 2*l = 7*l - 52, 3*l - 132 = -3*u. Let g(v) = v**3 + 11*v**2 + 5*v + 26. Let b be g(-11). Let y = u + b. What are the prime factors of y?
13
Let t = -2 + 22. Suppose 2*r - t = -2*r. Suppose 42 = n + r*p + 13, 0 = 2*n + 4*p - 34. What are the prime factors of n?
3
Let p = -7 - -6. Let w = p + 9. What are the prime factors of (2/(-1))/((-2)/w)?
2
Suppose -p = -4*b - 128, 109 = -3*b + 4*p - 0*p. Let d = b + 48. List the prime factors of d.
17
Let u = 58 + -31. Let c = 67 + u. What are the prime factors of c?
2, 47
Suppose -7 = -3*i - 3*n + 2, 5 = 3*i + 5*n. Suppose -z = -5*q, i*q = z + z + 5. What are the prime factors of ((-15)/1 - q)/(-2)?
7
Let i(v) = -256*v + 241. List the prime factors of i(-4).
5, 11, 23
Let p(s) = -2*s + 4 - s - s**2 - 2*s - 2. Let j be p(-5). Suppose -2 = j*z - 8. What are the prime factors of z?
3
Let n = 4965 - 2638. List the prime factors of n.
13, 179
Let s = -291 - 143. Let j = -178 - s. List the prime factors of j.
2
Suppose -4*f + 12 = -0. Suppose f*z = -0*z + 429. What are the prime factors of z?
11, 13
Suppose 4*a - 8 = 3*i, -4*a = 3*i + i - 8. Suppose 0 = -g + 6. What are the prime factors of ((-1)/a)/(g/(-336))?
2, 7
Let k(w) = 22*w - 123. What are the prime factors of k(41)?
19, 41
Suppose -455 = l - 3*b - 1577, -3*b = 6. List the prime factors of l.
2, 3, 31
Suppose -100 = -3*i + 4*f, -3*f = 2*i - 56 - 39. Suppose x + i = 5*x. Let v(z) = -z**3 + 10*z**2 + 2*z - 1. List the prime factors of v(x).
19
Suppose -8 = 5*r - 4*w, -w - 2*w + 6 = r. Suppose 2*q + 214 = -r*p + 2*p, -3*q - 426 = -4*p. What are the prime factors of p?
3, 5, 7
Suppose -m - 3*t = -440, 3*m = 3*t - 4*t + 1280. List the prime factors of m.
5, 17
Suppose p - 2 = -3. List 